{"id":306,"date":"2021-10-14T11:57:17","date_gmt":"2021-10-14T11:57:17","guid":{"rendered":"https:\/\/www.gandesa.cat\/biblioteca\/?page_id=306"},"modified":"2021-10-14T12:13:42","modified_gmt":"2021-10-14T12:13:42","slug":"biblio-digital","status":"publish","type":"page","link":"https:\/\/gandesa.cat\/biblioteca\/serveis_en_linia\/biblio-digital\/","title":{"rendered":"Biblio Digital"},"content":{"rendered":"<h3 style=\"text-align: center;\"><strong>eBIBLIO &#8211; BIBLIO DIGITAL<\/strong><\/h3>\n<p>L\u2019<a title=\"eBiblioCat\" href=\"https:\/\/catalunya.ebiblio.es\/opac\/#index\">#eBiblioCat<\/a>&nbsp;\u00e9s la plataforma que dona un servei de pr\u00e9stec de&nbsp;<strong>llibres electr\u00f2nics, de revistes, de pel\u00b7l\u00edcules,<\/strong>&nbsp;<strong>desc\u00e0rrega<\/strong>&nbsp;<strong>d\u2019audiollibres<\/strong>&nbsp;i&nbsp;<strong>acc\u00e9s<\/strong>&nbsp;a&nbsp;<strong>documentals, m\u00fasica, a enciclop\u00e8dies, i a idiomes<\/strong>. T\u00e9 m\u00e9s 100.000 t\u00edtols&nbsp;<strong>en diferents formats i tem\u00e0tiques<\/strong>, disponibles en catal\u00e0, castell\u00e0, franc\u00e8s, angl\u00e8s, alemany, etc.<\/p>\n<p>El projecte est\u00e0 impulsat pel Ministeri d&#8217;Educaci\u00f3, Cultura i Esports en col\u00b7laboraci\u00f3 amb el Departament de Cultura de la Generalitat, la Diputaci\u00f3 de Barcelona i l\u2019Ajuntament de Barcelona.<\/p>\n<p>Amb aquest servei es vol garantir la desc\u00e0rrega, l&#8217;acc\u00e9s&nbsp;i la&nbsp;consulta legal de continguts, que s&#8217;ofereix a trav\u00e9s d&#8217;una plataforma senzilla i oberta als&nbsp;<strong>usuaris de les biblioteques p\u00fabliques de Catalunya<\/strong>&nbsp;de continguts digitals.<\/p>\n<p>Accedeix via <a href=\"https:\/\/biblioteca.ebiblio.cat\/\">web<\/a> o descarregan-te l&#8217;<a href=\"https:\/\/play.google.com\/store\/apps\/details?id=es.odilo.ebiblio&amp;hl=ca&amp;gl=US\">aplicaci\u00f3 m\u00f2bil<\/a>. Demana&#8217;ns el teu usuari si no disposes del carnet f\u00edsic!<\/p>\n<p>Servei d&#8217;atenci\u00f3 a l&#8217;usuari plataforma ebiblio: <a href=\"mailto:e-biblio.cultura@gencat.cat\" target=\"_blank\" rel=\"noopener\">e-biblio.cultura@gencat.cat<\/a><\/p>\n<p>Contacta amb la Biblioteca via <a href=\"https:\/\/wa.me\/message\/C5TWIWILMXXEA1\">WhatsApp<\/a>, trucant al 977420555 o enviant un correu a biblioteca@gandesa.cat.<\/p>\n","protected":false},"excerpt":{"rendered":"<p>eBIBLIO &#8211; BIBLIO DIGITAL L\u2019#eBiblioCat&nbsp;\u00e9s la plataforma que dona un servei de pr\u00e9stec de&nbsp;llibres electr\u00f2nics, de revistes, de pel\u00b7l\u00edcules,&nbsp;desc\u00e0rrega&nbsp;d\u2019audiollibres&nbsp;i&nbsp;acc\u00e9s&nbsp;a&nbsp;documentals, m\u00fasica, a enciclop\u00e8dies, i a idiomes. T\u00e9 m\u00e9s 100.000 t\u00edtols&nbsp;en diferents formats i tem\u00e0tiques, disponibles en catal\u00e0, castell\u00e0, franc\u00e8s, angl\u00e8s, alemany, etc. El projecte est\u00e0 impulsat pel Ministeri d&#8217;Educaci\u00f3, Cultura i Esports en col\u00b7laboraci\u00f3 amb el [&hellip;]<\/p>\n","protected":false},"author":1,"featured_media":0,"parent":26,"menu_order":0,"comment_status":"closed","ping_status":"closed","template":"","meta":{"_bbp_topic_count":0,"_bbp_reply_count":0,"_bbp_total_topic_count":0,"_bbp_total_reply_count":0,"_bbp_voice_count":0,"_bbp_anonymous_reply_count":0,"_bbp_topic_count_hidden":0,"_bbp_reply_count_hidden":0,"_bbp_forum_subforum_count":0,"ngg_post_thumbnail":0,"footnotes":""},"class_list":["post-306","page","type-page","status-publish","hentry"],"yoast_head":"<!-- This site is optimized with the Yoast SEO plugin v26.4 - https:\/\/yoast.com\/wordpress\/plugins\/seo\/ -->\n<title>Biblio Digital - Biblioteca Municipal de Gandesa<\/title>\n<meta name=\"robots\" content=\"index, follow, max-snippet:-1, max-image-preview:large, max-video-preview:-1\" \/>\n<link rel=\"canonical\" href=\"https:\/\/gandesa.cat\/biblioteca\/serveis_en_linia\/biblio-digital\/\" \/>\n<meta property=\"og:locale\" content=\"ca_ES\" \/>\n<meta property=\"og:type\" content=\"article\" \/>\n<meta property=\"og:title\" content=\"Biblio Digital - Biblioteca Municipal de Gandesa\" \/>\n<meta property=\"og:description\" content=\"eBIBLIO &#8211; BIBLIO DIGITAL L\u2019#eBiblioCat&nbsp;\u00e9s la plataforma que dona un servei de pr\u00e9stec de&nbsp;llibres electr\u00f2nics, de revistes, de pel\u00b7l\u00edcules,&nbsp;desc\u00e0rrega&nbsp;d\u2019audiollibres&nbsp;i&nbsp;acc\u00e9s&nbsp;a&nbsp;documentals, m\u00fasica, a enciclop\u00e8dies, i a idiomes. T\u00e9 m\u00e9s 100.000 t\u00edtols&nbsp;en diferents formats i tem\u00e0tiques, disponibles en catal\u00e0, castell\u00e0, franc\u00e8s, angl\u00e8s, alemany, etc. El projecte est\u00e0 impulsat pel Ministeri d&#8217;Educaci\u00f3, Cultura i Esports en col\u00b7laboraci\u00f3 amb el [&hellip;]\" \/>\n<meta property=\"og:url\" content=\"https:\/\/gandesa.cat\/biblioteca\/serveis_en_linia\/biblio-digital\/\" \/>\n<meta property=\"og:site_name\" content=\"Biblioteca Municipal de Gandesa\" \/>\n<meta property=\"article:modified_time\" content=\"2021-10-14T12:13:42+00:00\" \/>\n<meta name=\"twitter:card\" content=\"summary_large_image\" \/>\n<meta name=\"twitter:label1\" content=\"Temps estimat de lectura\" \/>\n\t<meta name=\"twitter:data1\" content=\"1 minut\" \/>\n<script type=\"application\/ld+json\" class=\"yoast-schema-graph\">{\"@context\":\"https:\/\/schema.org\",\"@graph\":[{\"@type\":\"WebPage\",\"@id\":\"https:\/\/gandesa.cat\/biblioteca\/serveis_en_linia\/biblio-digital\/\",\"url\":\"https:\/\/gandesa.cat\/biblioteca\/serveis_en_linia\/biblio-digital\/\",\"name\":\"Biblio Digital - Biblioteca Municipal de Gandesa\",\"isPartOf\":{\"@id\":\"https:\/\/gandesa.cat\/biblioteca\/#website\"},\"datePublished\":\"2021-10-14T11:57:17+00:00\",\"dateModified\":\"2021-10-14T12:13:42+00:00\",\"breadcrumb\":{\"@id\":\"https:\/\/gandesa.cat\/biblioteca\/serveis_en_linia\/biblio-digital\/#breadcrumb\"},\"inLanguage\":\"ca\",\"potentialAction\":[{\"@type\":\"ReadAction\",\"target\":[\"https:\/\/gandesa.cat\/biblioteca\/serveis_en_linia\/biblio-digital\/\"]}]},{\"@type\":\"BreadcrumbList\",\"@id\":\"https:\/\/gandesa.cat\/biblioteca\/serveis_en_linia\/biblio-digital\/#breadcrumb\",\"itemListElement\":[{\"@type\":\"ListItem\",\"position\":1,\"name\":\"Home\",\"item\":\"https:\/\/gandesa.cat\/biblioteca\/\"},{\"@type\":\"ListItem\",\"position\":2,\"name\":\"Serveis en l\u00ednia\",\"item\":\"https:\/\/gandesa.cat\/biblioteca\/serveis_en_linia\/\"},{\"@type\":\"ListItem\",\"position\":3,\"name\":\"Biblio Digital\"}]},{\"@type\":\"WebSite\",\"@id\":\"https:\/\/gandesa.cat\/biblioteca\/#website\",\"url\":\"https:\/\/gandesa.cat\/biblioteca\/\",\"name\":\"Biblioteca Municipal de Gandesa\",\"description\":\"\",\"potentialAction\":[{\"@type\":\"SearchAction\",\"target\":{\"@type\":\"EntryPoint\",\"urlTemplate\":\"https:\/\/gandesa.cat\/biblioteca\/?s={search_term_string}\"},\"query-input\":{\"@type\":\"PropertyValueSpecification\",\"valueRequired\":true,\"valueName\":\"search_term_string\"}}],\"inLanguage\":\"ca\"}]}<\/script>\n<!-- \/ Yoast SEO plugin. -->","yoast_head_json":{"title":"Biblio Digital - Biblioteca Municipal de Gandesa","robots":{"index":"index","follow":"follow","max-snippet":"max-snippet:-1","max-image-preview":"max-image-preview:large","max-video-preview":"max-video-preview:-1"},"canonical":"https:\/\/gandesa.cat\/biblioteca\/serveis_en_linia\/biblio-digital\/","og_locale":"ca_ES","og_type":"article","og_title":"Biblio Digital - Biblioteca Municipal de Gandesa","og_description":"eBIBLIO &#8211; BIBLIO DIGITAL L\u2019#eBiblioCat&nbsp;\u00e9s la plataforma que dona un servei de pr\u00e9stec de&nbsp;llibres electr\u00f2nics, de revistes, de pel\u00b7l\u00edcules,&nbsp;desc\u00e0rrega&nbsp;d\u2019audiollibres&nbsp;i&nbsp;acc\u00e9s&nbsp;a&nbsp;documentals, m\u00fasica, a enciclop\u00e8dies, i a idiomes. T\u00e9 m\u00e9s 100.000 t\u00edtols&nbsp;en diferents formats i tem\u00e0tiques, disponibles en catal\u00e0, castell\u00e0, franc\u00e8s, angl\u00e8s, alemany, etc. El projecte est\u00e0 impulsat pel Ministeri d&#8217;Educaci\u00f3, Cultura i Esports en col\u00b7laboraci\u00f3 amb el [&hellip;]","og_url":"https:\/\/gandesa.cat\/biblioteca\/serveis_en_linia\/biblio-digital\/","og_site_name":"Biblioteca Municipal de Gandesa","article_modified_time":"2021-10-14T12:13:42+00:00","twitter_card":"summary_large_image","twitter_misc":{"Temps estimat de lectura":"1 minut"},"schema":{"@context":"https:\/\/schema.org","@graph":[{"@type":"WebPage","@id":"https:\/\/gandesa.cat\/biblioteca\/serveis_en_linia\/biblio-digital\/","url":"https:\/\/gandesa.cat\/biblioteca\/serveis_en_linia\/biblio-digital\/","name":"Biblio Digital - Biblioteca Municipal de Gandesa","isPartOf":{"@id":"https:\/\/gandesa.cat\/biblioteca\/#website"},"datePublished":"2021-10-14T11:57:17+00:00","dateModified":"2021-10-14T12:13:42+00:00","breadcrumb":{"@id":"https:\/\/gandesa.cat\/biblioteca\/serveis_en_linia\/biblio-digital\/#breadcrumb"},"inLanguage":"ca","potentialAction":[{"@type":"ReadAction","target":["https:\/\/gandesa.cat\/biblioteca\/serveis_en_linia\/biblio-digital\/"]}]},{"@type":"BreadcrumbList","@id":"https:\/\/gandesa.cat\/biblioteca\/serveis_en_linia\/biblio-digital\/#breadcrumb","itemListElement":[{"@type":"ListItem","position":1,"name":"Home","item":"https:\/\/gandesa.cat\/biblioteca\/"},{"@type":"ListItem","position":2,"name":"Serveis en l\u00ednia","item":"https:\/\/gandesa.cat\/biblioteca\/serveis_en_linia\/"},{"@type":"ListItem","position":3,"name":"Biblio Digital"}]},{"@type":"WebSite","@id":"https:\/\/gandesa.cat\/biblioteca\/#website","url":"https:\/\/gandesa.cat\/biblioteca\/","name":"Biblioteca Municipal de Gandesa","description":"","potentialAction":[{"@type":"SearchAction","target":{"@type":"EntryPoint","urlTemplate":"https:\/\/gandesa.cat\/biblioteca\/?s={search_term_string}"},"query-input":{"@type":"PropertyValueSpecification","valueRequired":true,"valueName":"search_term_string"}}],"inLanguage":"ca"}]}},"_links":{"self":[{"href":"https:\/\/gandesa.cat\/biblioteca\/wp-json\/wp\/v2\/pages\/306","targetHints":{"allow":["GET"]}}],"collection":[{"href":"https:\/\/gandesa.cat\/biblioteca\/wp-json\/wp\/v2\/pages"}],"about":[{"href":"https:\/\/gandesa.cat\/biblioteca\/wp-json\/wp\/v2\/types\/page"}],"author":[{"embeddable":true,"href":"https:\/\/gandesa.cat\/biblioteca\/wp-json\/wp\/v2\/users\/1"}],"replies":[{"embeddable":true,"href":"https:\/\/gandesa.cat\/biblioteca\/wp-json\/wp\/v2\/comments?post=306"}],"version-history":[{"count":4,"href":"https:\/\/gandesa.cat\/biblioteca\/wp-json\/wp\/v2\/pages\/306\/revisions"}],"predecessor-version":[{"id":314,"href":"https:\/\/gandesa.cat\/biblioteca\/wp-json\/wp\/v2\/pages\/306\/revisions\/314"}],"up":[{"embeddable":true,"href":"https:\/\/gandesa.cat\/biblioteca\/wp-json\/wp\/v2\/pages\/26"}],"wp:attachment":[{"href":"https:\/\/gandesa.cat\/biblioteca\/wp-json\/wp\/v2\/media?parent=306"}],"curies":[{"name":"wp","href":"https:\/\/api.w.org\/{rel}","templated":true}]}}