{"id":67,"date":"2016-07-05T15:29:17","date_gmt":"2016-07-05T15:29:17","guid":{"rendered":"https:\/\/gandesa.cat\/biblioteca\/?page_id=67"},"modified":"2023-03-10T17:25:51","modified_gmt":"2023-03-10T17:25:51","slug":"serveis","status":"publish","type":"page","link":"https:\/\/gandesa.cat\/biblioteca\/serveis\/","title":{"rendered":"Serveis"},"content":{"rendered":"<div class=\"fusion-fullwidth fullwidth-box fusion-builder-row-1 nonhundred-percent-fullwidth non-hundred-percent-height-scrolling\" style=\"--awb-background-position:left top;--awb-border-sizes-top:0px;--awb-border-sizes-bottom:0px;--awb-border-sizes-left:0px;--awb-border-sizes-right:0px;--awb-border-radius-top-left:0px;--awb-border-radius-top-right:0px;--awb-border-radius-bottom-right:0px;--awb-border-radius-bottom-left:0px;--awb-padding-top:20px;--awb-padding-bottom:20px;--awb-flex-wrap:wrap;\" ><div class=\"fusion-builder-row fusion-row\"><div class=\"fusion-layout-column fusion_builder_column fusion-builder-column-0 fusion_builder_column_1_1 1_1 fusion-one-full fusion-column-first fusion-column-last fusion-column-no-min-height\" style=\"--awb-bg-size:cover;--awb-margin-bottom:0px;\"><div class=\"fusion-column-wrapper fusion-flex-column-wrapper-legacy\"><div class=\"fusion-text fusion-text-1\"><h1>Serveis de la&nbsp;biblioteca<\/h1>\n<\/div><div class=\"fusion-clearfix\"><\/div><\/div><\/div><div class=\"fusion-layout-column fusion_builder_column fusion-builder-column-1 fusion_builder_column_1_1 1_1 fusion-one-full fusion-column-first fusion-column-last\" style=\"--awb-bg-size:cover;\"><div class=\"fusion-column-wrapper fusion-flex-column-wrapper-legacy\"><div class=\"fusion-text fusion-text-2\"><h3><strong>Consulta i informaci\u00f3<\/strong><\/h3>\n<p>Els usuaris poden consultar tot el material que constitueix la col\u00b7lecci\u00f3 de la Biblioteca i&nbsp;demanar informaci\u00f3 i assessorament.<\/p>\n<h3><strong>Servei de pr\u00e9stec<\/strong><\/h3>\n<p>Amb el carnet d\u2019usuari de la Biblioteca de Gandesa, o de qualsevol altra biblioteca integrada al Sistema de Lectura P\u00fablica de Catalunya, es pot agafar en pr\u00e9stec de manera gratu\u00efta un total de 30 documents per carnet (llibres, revistes, CDs, DVDs, etc.) per un per\u00edode de 30 dies.<\/p>\n<p>Les renovacions del pr\u00e9stec es podran fer a trav\u00e9s del compte personal <a href=\"https:\/\/elmeuargus.biblioteques.gencat.cat\/\" target=\"_blank\" rel=\"noopener\">del meu Argus<\/a>, trucant per tel\u00e8fon o enviant un <a href=\"https:\/\/wa.me\/message\/C5TWIWILMXXEA1\" target=\"_blank\" rel=\"noopener\">WhatsApp<\/a> al 977420555 o escrivint un correu electr\u00f2nic a biblioteca@gandesa.cat.<\/p>\n<ul>\n<li><strong>A domicili (al municipi de Gandesa)<\/strong><\/li>\n<\/ul>\n<p>Obert a totes les persones que ho necessitin. Contacteu amb la Biblioteca per fer les vostres peticions. Repartiment sota demanda.<\/p>\n<ul>\n<li><strong>Comarcal&nbsp; (#BIBLIOTEERRAALTA)<\/strong><\/li>\n<\/ul>\n<p>Servei comarcal de pr\u00e9stec de la Biblioteca de Gandesa destinat a tots els ciutadans dels municipis d&#8217;Arnes, Batea, Bot, Caseres, Horta de Sant Joan, El Pinell de Brai, La Pobla de Massaluca, Prat de Comte i Vilalba dels Arcs. Podeu fer les vostres peticions a la Biblioteca de Gandesa i us farem arribar els llibres al vostre Ajuntament.&nbsp;<\/p>\n<ul>\n<li><strong>eBiblio<\/strong><\/li>\n<\/ul>\n<p>Servei del Sistema de Lectura P\u00fablica de Catalunya que fa possible el pr\u00e9stec de&nbsp;continguts digitals a tots els usuaris amb carnet de les biblioteques p\u00fabliques&nbsp;catalanes. Es pot accedir a aquests continguts a trav\u00e9s de diferents dispositius: ordinadors personals, lectors de llibres electr\u00f2nics, tauletes o tel\u00e8fons intel\u00b7ligents.<\/p>\n<p>El servei est\u00e0 disponible a l\u2019adre\u00e7a&nbsp;<a href=\"http:\/\/catalunya.ebiblio.cat\" target=\"_blank\" rel=\"noopener noreferrer\">http:\/\/catalunya.ebiblio.cat<\/a>. Tamb\u00e9 s\u2019hi pot&nbsp;accedir descarregant l\u2019aplicaci\u00f3 eBiblio disponible per&nbsp;iOS&nbsp;et&nbsp;Android.<\/p>\n<ul>\n<li><strong>Pr\u00e9stec interbibliotecari<\/strong><\/li>\n<\/ul>\n<p>A trav\u00e9s del pr\u00e9stec interbibliotecari es poden sol\u00b7licitar, de forma gratu\u00efta, documents a totes les biblioteques integrades al Sistema de Lectura P\u00fablica de Catalunya.<\/p>\n<h3><strong>Acc\u00e9s a Internet i Wi-fi<\/strong><\/h3>\n<p>Tenim a disposici\u00f3 dels usuaris ordinadors amb connexi\u00f3 a internet per fer cerques,&nbsp;treballs, consultes, etc. Els primers 30 minuts de connexi\u00f3 s\u00f3n gratu\u00efts, i per cada 15&nbsp;minuts addicionals es cobraran 20 c\u00e8ntims.<\/p>\n<p>Tamb\u00e9 us podeu connectar a la xarxa wi-fi des dels vostres dispositius m\u00f2bils de manera gratu\u00efta.<\/p>\n<h3><strong>Reprografia<\/strong><\/h3>\n<p>Servei d\u2019impressi\u00f3 i fotocopies subjecte al preu p\u00fablic establert, segons l\u2019ordenan\u00e7a&nbsp;fiscal vigent:<\/p>\n<ul>\n<li>Din A4 b\/n 0\u201910 \u20ac<\/li>\n<li>Din A4 color 0\u201950 \u20ac<\/li>\n<li>Din A3 b\/n 0\u201930 \u20ac<\/li>\n<li>Din A3 color 1\u201900 \u20ac<\/li>\n<\/ul>\n<h3><strong>Sala d\u2019estudi infantil i juvenil<\/strong><\/h3>\n<p>Aula a disposici\u00f3 de tots aquells infants i joves que necessitin un espai per treballar en grup. Cal sol\u00b7licitar perm\u00eds al taulell.<\/p>\n<h3><strong>Sala d\u2019actes<\/strong><\/h3>\n<p>Espai que es pot cedir a les entitats, associacions, col\u00b7lectius, particulars i d&#8217;altres&nbsp;organismes municipals per a fins culturals i\/o educatius, si aix\u00ed ho sol\u00b7liciten.<\/p>\n<h3><strong>Pr\u00e9stec auriculars<\/strong><\/h3>\n<p>Per sol\u00b7licitar en pr\u00e9stec aquest material, cal que es disposi de carnet i es deixi en&nbsp;dip\u00f2sit al taulell en el moment de fer el pr\u00e9stec.<\/p>\n<h3><strong>Serveis de promoci\u00f3 cultural<\/strong><\/h3>\n<p>Serveis que tenen com a objectiu el foment a la lectura, el suport a la formaci\u00f3 i a&nbsp;l\u2019aprenentatge, aix\u00ed com la difusi\u00f3 dels fons bibliogr\u00e0fics i documentals. Aquests&nbsp;serveis s\u2019oferiran en forma d\u2019activitats, visites guiades, formaci\u00f3 d\u2019usuaris, entre&nbsp;d\u2019altres.<\/p>\n<\/div><div class=\"fusion-clearfix\"><\/div><\/div><\/div><\/div><\/div>\n","protected":false},"excerpt":{"rendered":"","protected":false},"author":1,"featured_media":0,"parent":0,"menu_order":0,"comment_status":"closed","ping_status":"closed","template":"","meta":{"_bbp_topic_count":0,"_bbp_reply_count":0,"_bbp_total_topic_count":0,"_bbp_total_reply_count":0,"_bbp_voice_count":0,"_bbp_anonymous_reply_count":0,"_bbp_topic_count_hidden":0,"_bbp_reply_count_hidden":0,"_bbp_forum_subforum_count":0,"ngg_post_thumbnail":0,"footnotes":""},"class_list":["post-67","page","type-page","status-publish","hentry"],"yoast_head":"<!-- This site is optimized with the Yoast SEO plugin v26.4 - https:\/\/yoast.com\/wordpress\/plugins\/seo\/ -->\n<title>Serveis - Biblioteca Municipal de Gandesa<\/title>\n<meta name=\"robots\" content=\"index, follow, max-snippet:-1, max-image-preview:large, max-video-preview:-1\" \/>\n<link rel=\"canonical\" href=\"https:\/\/gandesa.cat\/biblioteca\/serveis\/\" \/>\n<meta property=\"og:locale\" content=\"ca_ES\" \/>\n<meta property=\"og:type\" content=\"article\" \/>\n<meta property=\"og:title\" content=\"Serveis - Biblioteca Municipal de Gandesa\" \/>\n<meta property=\"og:url\" content=\"https:\/\/gandesa.cat\/biblioteca\/serveis\/\" \/>\n<meta property=\"og:site_name\" content=\"Biblioteca Municipal de Gandesa\" \/>\n<meta property=\"article:modified_time\" content=\"2023-03-10T17:25:51+00:00\" \/>\n<meta name=\"twitter:card\" content=\"summary_large_image\" \/>\n<meta name=\"twitter:label1\" content=\"Temps estimat de lectura\" \/>\n\t<meta name=\"twitter:data1\" content=\"4 minuts\" \/>\n<script type=\"application\/ld+json\" class=\"yoast-schema-graph\">{\"@context\":\"https:\/\/schema.org\",\"@graph\":[{\"@type\":\"WebPage\",\"@id\":\"https:\/\/gandesa.cat\/biblioteca\/serveis\/\",\"url\":\"https:\/\/gandesa.cat\/biblioteca\/serveis\/\",\"name\":\"Serveis - Biblioteca Municipal de Gandesa\",\"isPartOf\":{\"@id\":\"https:\/\/gandesa.cat\/biblioteca\/#website\"},\"datePublished\":\"2016-07-05T15:29:17+00:00\",\"dateModified\":\"2023-03-10T17:25:51+00:00\",\"breadcrumb\":{\"@id\":\"https:\/\/gandesa.cat\/biblioteca\/serveis\/#breadcrumb\"},\"inLanguage\":\"ca\",\"potentialAction\":[{\"@type\":\"ReadAction\",\"target\":[\"https:\/\/gandesa.cat\/biblioteca\/serveis\/\"]}]},{\"@type\":\"BreadcrumbList\",\"@id\":\"https:\/\/gandesa.cat\/biblioteca\/serveis\/#breadcrumb\",\"itemListElement\":[{\"@type\":\"ListItem\",\"position\":1,\"name\":\"Home\",\"item\":\"https:\/\/gandesa.cat\/biblioteca\/\"},{\"@type\":\"ListItem\",\"position\":2,\"name\":\"Serveis\"}]},{\"@type\":\"WebSite\",\"@id\":\"https:\/\/gandesa.cat\/biblioteca\/#website\",\"url\":\"https:\/\/gandesa.cat\/biblioteca\/\",\"name\":\"Biblioteca Municipal de Gandesa\",\"description\":\"\",\"potentialAction\":[{\"@type\":\"SearchAction\",\"target\":{\"@type\":\"EntryPoint\",\"urlTemplate\":\"https:\/\/gandesa.cat\/biblioteca\/?s={search_term_string}\"},\"query-input\":{\"@type\":\"PropertyValueSpecification\",\"valueRequired\":true,\"valueName\":\"search_term_string\"}}],\"inLanguage\":\"ca\"}]}<\/script>\n<!-- \/ Yoast SEO plugin. -->","yoast_head_json":{"title":"Serveis - Biblioteca Municipal de Gandesa","robots":{"index":"index","follow":"follow","max-snippet":"max-snippet:-1","max-image-preview":"max-image-preview:large","max-video-preview":"max-video-preview:-1"},"canonical":"https:\/\/gandesa.cat\/biblioteca\/serveis\/","og_locale":"ca_ES","og_type":"article","og_title":"Serveis - Biblioteca Municipal de Gandesa","og_url":"https:\/\/gandesa.cat\/biblioteca\/serveis\/","og_site_name":"Biblioteca Municipal de Gandesa","article_modified_time":"2023-03-10T17:25:51+00:00","twitter_card":"summary_large_image","twitter_misc":{"Temps estimat de lectura":"4 minuts"},"schema":{"@context":"https:\/\/schema.org","@graph":[{"@type":"WebPage","@id":"https:\/\/gandesa.cat\/biblioteca\/serveis\/","url":"https:\/\/gandesa.cat\/biblioteca\/serveis\/","name":"Serveis - Biblioteca Municipal de Gandesa","isPartOf":{"@id":"https:\/\/gandesa.cat\/biblioteca\/#website"},"datePublished":"2016-07-05T15:29:17+00:00","dateModified":"2023-03-10T17:25:51+00:00","breadcrumb":{"@id":"https:\/\/gandesa.cat\/biblioteca\/serveis\/#breadcrumb"},"inLanguage":"ca","potentialAction":[{"@type":"ReadAction","target":["https:\/\/gandesa.cat\/biblioteca\/serveis\/"]}]},{"@type":"BreadcrumbList","@id":"https:\/\/gandesa.cat\/biblioteca\/serveis\/#breadcrumb","itemListElement":[{"@type":"ListItem","position":1,"name":"Home","item":"https:\/\/gandesa.cat\/biblioteca\/"},{"@type":"ListItem","position":2,"name":"Serveis"}]},{"@type":"WebSite","@id":"https:\/\/gandesa.cat\/biblioteca\/#website","url":"https:\/\/gandesa.cat\/biblioteca\/","name":"Biblioteca Municipal de Gandesa","description":"","potentialAction":[{"@type":"SearchAction","target":{"@type":"EntryPoint","urlTemplate":"https:\/\/gandesa.cat\/biblioteca\/?s={search_term_string}"},"query-input":{"@type":"PropertyValueSpecification","valueRequired":true,"valueName":"search_term_string"}}],"inLanguage":"ca"}]}},"_links":{"self":[{"href":"https:\/\/gandesa.cat\/biblioteca\/wp-json\/wp\/v2\/pages\/67","targetHints":{"allow":["GET"]}}],"collection":[{"href":"https:\/\/gandesa.cat\/biblioteca\/wp-json\/wp\/v2\/pages"}],"about":[{"href":"https:\/\/gandesa.cat\/biblioteca\/wp-json\/wp\/v2\/types\/page"}],"author":[{"embeddable":true,"href":"https:\/\/gandesa.cat\/biblioteca\/wp-json\/wp\/v2\/users\/1"}],"replies":[{"embeddable":true,"href":"https:\/\/gandesa.cat\/biblioteca\/wp-json\/wp\/v2\/comments?post=67"}],"version-history":[{"count":8,"href":"https:\/\/gandesa.cat\/biblioteca\/wp-json\/wp\/v2\/pages\/67\/revisions"}],"predecessor-version":[{"id":368,"href":"https:\/\/gandesa.cat\/biblioteca\/wp-json\/wp\/v2\/pages\/67\/revisions\/368"}],"wp:attachment":[{"href":"https:\/\/gandesa.cat\/biblioteca\/wp-json\/wp\/v2\/media?parent=67"}],"curies":[{"name":"wp","href":"https:\/\/api.w.org\/{rel}","templated":true}]}}